In base 9, what is 1 - -413?
414
In base 9, what is 10483 - -3?
10486
In base 10, what is 0 - 250?
-250
In base 14, what is -6d + -1?
-70
In base 15, what is -4 + -5d8?
-5dc
In base 2, what is 10000101001 - 1111?
10000011010
In base 10, what is 11 - -10?
21
In base 7, what is 4262 - 0?
4262
In base 10, what is -5 + -31?
-36
In base 12, what is -10b + 2?
-109
In base 14, what is 3c3 - 6?
3bb
In base 16, what is -12 - -70?
5e
In base 16, what is -3 - -1ce?
1cb
In base 12, what is b + 11?
20
In base 10, what is -101 + 11?
-90
In base 14, what is -a - -12b?
121
In base 14, what is -8 + -16?
-20
In base 8, what is 11 - -115?
126
In base 11, what is 27 - 133?
-107
In base 8, what is -16 - 311?
-327
In base 8, what is 3 + 525?
530
In base 9, what is -1660 - -2?
-1657
In base 6, what is 11 + 34?
45
In base 4, what is 1 + -221?
-220
In base 3, what is -10 - -2020?
2010
In base 12, what is -17b - 4?
-183
In base 2, what is -100 + -10101101010?
-10101101110
In base 3, what is -11 - 112001?
-112012
In base 16, what is 20 - 5?
1b
In base 5, what is 100031 + -1?
100030
In base 6, what is 2344 + -1?
2343
In base 15, what is -b + -6?
-12
In base 6, what is -1315 - 4?
-1323
In base 12, what is -6 - -1539?
1533
In base 8, what is 2217 + 4?
2223
In base 9, what is -11 + -23?
-34
In base 7, what is 112 + 14?
126
In base 10, what is -375 + 4?
-371
In base 13, what is -1a - -8c?
72
In base 14, what is -18 + -2?
-1a
In base 14, what is -83 + 5?
-7c
In base 16, what is -2de + -3?
-2e1
In base 16, what is 1f0 + -6?
1ea
In base 4, what is -120022 + 13?
-120003
In base 13, what is -b + 390?
382
In base 12, what is 17 - 4?
13
In base 8, what is 32 + -364?
-332
In base 4, what is -10020 + 0?
-10020
In base 10, what is 3751 - -3?
3754
In base 2, what is -1110 + 1010?
-100
In base 8, what is -72 + 11?
-61
In base 6, what is -42055 + 4?
-42051
In base 2, what is 0 - -1000010110110?
1000010110110
In base 4, what is 123 - -2?
131
In base 7, what is 0 - 3045?
-3045
In base 2, what is -101 + -1000011?
-1001000
In base 11, what is 74 - -5?
79
In base 16, what is 3d + -9?
34
In base 7, what is -315 + 65?
-220
In base 4, what is -1 - -11220?
11213
In base 8, what is -173 + -16?
-211
In base 12, what is -399 - -63?
-336
In base 12, what is -146 - 4?
-14a
In base 15, what is a4 + -11?
93
In base 8, what is -1 - 4417?
-4420
In base 8, what is -1427 - -6?
-1421
In base 10, what is 3 - -1730?
1733
In base 16, what is -1 + -b?
-c
In base 14, what is 1 + -a76?
-a75
In base 9, what is -735 - -27?
-707
In base 6, what is 3 - -1020?
1023
In base 2, what is 10 - -1111010?
1111100
In base 11, what is 3 - -47?
4a
In base 8, what is -1160 - 13?
-1173
In base 2, what is 1 + 111011?
111100
In base 3, what is -12 + 12102201?
12102112
In base 3, what is -11 + 111020?
111002
In base 11, what is -6 + -74?
-7a
In base 5, what is -1 + 1132?
1131
In base 10, what is -52 - -14?
-38
In base 14, what is -2 - 798?
-79a
In base 6, what is 1054 + -11?
1043
In base 8, what is -175 - 1?
-176
In base 9, what is -2127 - -3?
-2124
In base 5, what is 24 + 10?
34
In base 2, what is -111 + 100011?
11100
In base 4, what is -201 + -1?
-202
In base 12, what is 19 + -7?
12
In base 8, what is -3413 - -4?
-3407
In base 12, what is 1495 - 5?
1490
In base 12, what is 147 - 32?
115
In base 15, what is -2 + 67?
65
In base 12, what is 59 - 0?
59
In base 16, what is ad + -1?
ac
In base 6, what is 4045 + -3?
4042
In base 2, what is 1110 - 0?
1110
In base 14, what is 8 + -cd2?
-cc8
In base 15, what is -24 - -2?
-22
In base 5, what is -4 - -1230?
1221
In base 14, what is -3 - 2c?
-31
In base 16, what is -5 - 4?
-9
In base 3, what is -1202222 - -102?
-1202120
In base 4, what is -21232 + 3?
-21223
In base 16, what is 0 + 33?
33
In base 13, what is 2 - -178?
17a
In base 7, what is 35 + -1131?
-1063
In base 16, what is -33f - a?
-349
In base 4, what is -2 - 1320100?
-1320102
In base 2, what is 101100 - 1000000110?
-111011010
In base 4, what is 113 + -22?
31
In base 6, what is -15 - 122?
-141
In base 5, what is -2 - -30?
23
In base 5, what is 1410 - -2?
1412
In base 14, what is -35 - 6?
-3b
In base 8, what is 53 + -6?
45
In base 11, what is 24 - 75?
-51
In base 16, what is 4 + 60?
64
In base 5, what is 402 + -3?
344
In base 6, what is -350 + -13?
-403
In base 6, what is -24301 - 0?
-24301
In base 2, what is 1101101100 - -10?
1101101110
In base 16, what is -6cc - -7?
-6c5
In base 13, what is 5 - -a2?
a7
In base 6, what is -203 + 104?
-55
In base 2, what is -101 - 111011?
-1000000
In base 11, what is 151 - 29?
123
In base 15, what is de08 - -5?
de0d
In base 16, what is -66 + 0?
-66
In base 13, what is 4 + -1374?
-1370
In base 7, what is -251 + 0?
-251
In base 2, what is 110001001 - 0?
110001001
In base 5, what is -331001 - 3?
-331004
In base 11, what is 7 - -356?
362
In base 12, what is 2 + -a?
-8
In base 12, what is 3163 - 2?
3161
In base 7, what is -14 + -4?
-21
In base 12, what is -5 - 185?
-18a
In base 5, what is -3 + 4312?
4304
In base 2, what is 11 - -110101101100?
110101101111
In base 5, what is -123 - -2?
-121
In base 3, what is 10 - -10100?
10110
In base 4, what is -330 - 301?
-1231
In base 12, what is 12 + -94?
-82
In base 12, what is 290a + -3?
2907
In base 15, what is 4e7 - 0?
4e7
In base 6, what is 35 - -10?
45
In base 15, what is 11 + -11?
0
In base 15, what is 64 - -7?
6b
In base 8, what is 24 + 1?
25
In base 4, what is -1012 - 231?
-1303
In base 11, what is -a8a1 - 0?
-a8a1
In base 3, what is -2022012 + -1?
-2022020
In base 9, what is 17 - -5?
23
In base 8, what is 1456 + 5?
1463
In base 7, what is 33 + 45?
111
In base 16, what is -9ff + 3?
-9fc
In base 16, what is 6f - -5?
74
In base 15, what is -93 - -3?
-90
In base 13, what is b7 + 10?
c7
In base 14, what is -5 - 15?
-1a
In base 9, what is 5 - 34?
-28
In base 13, what is 24 - -18?
3c
In base 7, what is 3 + 3644?
3650
In base 3, what is 122221 + -2?
122212
In base 10, what is -274 + -7?
-281
In base 8, what is -25 - 134?
-161
In base 5, what is -22421 + 10?
-22411
In base 16, what is -10 - 127?
-137
In base 9, what is 4 + -43?
-38
In base 10, what is 212 - -2?
214
In base 3, what is -10 - -11011101?
11011021
In base 8, what is -706 - 3?
-711
In base 9, what is 0 + -538?
-538
In base 10, what is 4 - 20?
-16
In base 16, what is 1 - 1c?
-1b
In base 16, what is 100 + 2?
102
In base 3, what is -101020 - 10?
-101100
In base 15, what is 4 - 1bc?
-1b8
In base 14, what is 1 + 2a3?
2a4
In base 12, what is -4 + 15?
11
In base 8, what is 111 - 63?
26
In base 13, what is -b + 1b?
10
In base 12, what is -4 - 50?
-54
In base 14, what is 1b + -215?
-1d8
In base 6, what is 344 - -1?
345
In base 2, what is -1101 + 101001?
11100
In base 9, what is 115 + -2?
113
In base 13, what is -8 + 154?
149
In base 2, what is -110011010011 + 11?
-110011010000
In base 6, what is -13032 - -12?
-13020
In base 10, what is 30 - 29?
1
In base 14, what is -1c + -1?
-1d
In base 16, what is -2 + -54?
-56
In base 10, what is 3 + 1622?
1625
In base 2, what is -1001100 + 111?
-1000101
In base 6, what is 1 + 1131?
1132
In base 3, what is 1120 + -11122?
-10002
In base 13, what is 3 - -4b4?
4b7
In base 15, what is 87c - 0?
87c
In base 16, what is 9 - -29e?
2a7
In base 8, what is 13 + -101?
-66
In base 2, what is -111 + -1101101010?
-1101110001
In base 11, what is -3 - -120?
118
In base 4, what is 3302 + 10?
3312
In base 10, what is 2944 + -3?
2941
In base 16, what is 3 + 2a?
2d
In base 7, what is 343 + -1?
342
In base 2, what is 10001 + 10000?
100001
In base 5, what is -11 - -41220?
41204
In base 4, what is 13 + 23231?
23310
In base 13, what is -1 - -b4?
b3
In base 5, what is -24 - -1?
-23
In base 7, what is -1 + -3121?
-3122
In base 9, what is 3 + -237?
-234
In base 2, what is -11 - 110?
-1001
In base 13, what is -5 - -194?
18c
In base 9, what is -205 + -3?
-208
In base 16, what is -5 - -a0?
9b
In base 10, what is 6 - 2559?
-2553
In base 10, what is -5 - 1077?
-1082
In base 16, what is -4 - -3ce?
3ca
In base 7, what is -1 + -241?
-242
In base 7, what is -456 + 5?
-451
In base 10, what is -644 - 2?
-646
In base 5, what is 301 + 2?
303
In base 4, what is 200101 - -22?
200123
In base 13, what is 105c - 0?
105c
In base 5, what is -2 - -3103?
3101
In base 13, what is -12 - 5?
-17
In base 14, what is 170 + -6?
168
In 